Is 266680 a multiple of 110?
False
Is 6 a factor of 96624?
True
Does 27 divide 6394167?
True
Does 7 divide 586747?
True
Does 16 divide 2208592?
True
Is 8 a factor of 160810?
False
Is 1386180 a multiple of 604?
True
Does 119 divide 74851?
True
Is 4 a factor of 14253?
False
Is 3 a factor of 4791?
True
Is 179 a factor of 42960?
True
Is 54620 a multiple of 4?
True
Is 3009410 a multiple of 94?
True
Is 5028853 a multiple of 260?
False
Is 14 a factor of 3150322?
True
Is 73 a factor of 7650329?
False
Does 65 divide 7410?
True
Does 439 divide 112459?
False
Does 58 divide 16270?
False
Is 741 a factor of 151164?
True
Is 4 a factor of 109608?
True
Is 8 a factor of 1102195?
False
Is 2 a factor of 11657?
False
Is 13341033 a multiple of 217?
False
Is 39440 a multiple of 20?
True
Is 105740 a multiple of 85?
True
Is 5 a factor of 8170?
True
Does 36 divide 7797060?
True
Is 398 a factor of 2153180?
True
Does 5 divide 4335440?
True
Is 6 a factor of 7692?
True
Does 2 divide 425814?
True
Is 2474379 a multiple of 387?
False
Is 15 a factor of 65490?
True
Is 2389476 a multiple of 12?
True
Does 33 divide 48342?
False
Is 11960 a multiple of 5?
True
Is 3217860 a multiple of 540?
True
Is 339 a factor of 164076?
True
Is 34 a factor of 31212?
True
Is 351 a factor of 694980?
True
Is 6 a factor of 129384?
True
Is 49 a factor of 210259?
True
Does 5 divide 149811?
False
Does 162 divide 352836?
True
Does 18 divide 2081187?
False
Is 11 a factor of 12476805?
True
Is 27 a factor of 1176729?
False
Does 477 divide 66303?
True
Does 364 divide 15746474?
False
Does 52 divide 1674043?
False
Is 4704564 a multiple of 183?
True
Is 340 a factor of 375363?
False
Is 2450048 a multiple of 125?
False
Is 9 a factor of 83160?
True
Is 132 a factor of 7690056?
True
Is 85 a factor of 157845?
True
Is 1895380 a multiple of 97?
True
Is 22 a factor of 1146841?
False
Is 118725 a multiple of 73?
False
Does 806 divide 3164356?
True
Is 15 a factor of 2075463?
False
Is 111 a factor of 3503382?
True
Does 15 divide 151485?
True
Is 20 a factor of 217060?
True
Is 2053637 a multiple of 134?
False
Does 14 divide 2320354?
False
Is 141135 a multiple of 15?
True
Is 217 a factor of 2773935?
False
Is 422 a factor of 498382?
True
Does 129 divide 45666?
True
Is 54 a factor of 73554?
False
Is 53 a factor of 1982624?
True
Is 70344 a multiple of 9?
True
Is 765245 a multiple of 13?
True
Does 904 divide 3824824?
True
Is 56 a factor of 119000?
True
Is 9 a factor of 56457?
True
Is 11 a factor of 4573382?
True
Does 33 divide 176889?
False
Is 63 a factor of 906897?
False
Is 481 a factor of 9715569?
False
Does 57 divide 217797?
True
Is 5211 a multiple of 9?
True
Is 7688520 a multiple of 1134?
True
Is 134238 a multiple of 71?
False
Is 21 a factor of 2297461?
False
Is 154984 a multiple of 261?
False
Does 138 divide 512988?
False
Does 6 divide 4568290?
False
Does 52 divide 28288?
True
Does 25 divide 152016?
False
Does 10 divide 20540?
True
Is 583 a factor of 2850933?
False
Is 1360 a multiple of 4?
True
Is 282 a factor of 2580452?
False
Does 287 divide 958253?
False
Is 34 a factor of 177446?
True
Does 3 divide 9123?
True
Is 19 a factor of 398937?
False
Is 121 a factor of 1869255?
False
Is 104346 a multiple of 198?
True
Does 116 divide 650371?
False
Is 247471 a multiple of 7?
True
Is 46370 a multiple of 2?
True
Is 269568 a multiple of 576?
True
Is 381667 a multiple of 244?
False
Is 33 a factor of 2405422?
False
Is 691 a factor of 2562141?
False
Is 63 a factor of 223272?
True
Is 317366 a multiple of 14?
True
Is 2871240 a multiple of 30?
True
Is 400 a factor of 390123?
False
Is 60 a factor of 172620?
True
Does 55 divide 9848640?
False
Does 94 divide 1773686?
True
Is 126 a factor of 3100356?
True
Does 118 divide 12154?
True
Does 49 divide 5892775?
False
Is 68 a factor of 4127464?
True
Is 13 a factor of 2578290?
True
Is 31 a factor of 5886330?
False
Does 25 divide 332280?
False
Is 23 a factor of 7427612?
False
Does 86 divide 261870?
True
Does 527 divide 101711?
True
Does 129 divide 481390?
False
Does 25 divide 1576325?
True
Is 582426 a multiple of 57?
True
Does 3 divide 2925?
True
Does 5 divide 5575?
True
Is 283 a factor of 1415655?
False
Is 38 a factor of 1935986?
True
Does 457 divide 2905150?
False
Is 72 a factor of 4419202?
False
Does 93 divide 198834?
True
Is 4857384 a multiple of 348?
True
Is 3423578 a multiple of 34?
False
Is 129385 a multiple of 31?
False
Does 122 divide 1734474?
True
Does 23 divide 211468?
False
Is 237 a factor of 310692?
False
Is 6516423 a multiple of 758?
False
Does 9 divide 535338?
True
Is 12288 a multiple of 16?
True
Is 60 a factor of 2529787?
False
Does 12 divide 940664?
False
Does 28 divide 161364?
True
Does 292 divide 1081276?
True
Is 1810395 a multiple of 38?
False
Is 4789224 a multiple of 33?
True
Is 278 a factor of 681100?
True
Does 932 divide 443144?
False
Is 13 a factor of 158770?
False
Is 324280 a multiple of 220?
True
Is 6 a factor of 10602?
True
Is 5942919 a multiple of 2073?
False
Does 313 divide 82632?
True
Is 482235 a multiple of 195?
True
Is 18856 a multiple of 4?
True
Does 43 divide 84239?
False
Is 2587689 a multiple of 14?
False
Is 61831 a multiple of 121?
True
Is 426 a factor of 242909?
False
Is 81 a factor of 113476?
False
Is 7470300 a multiple of 444?
True
Does 13 divide 936416?
True
Is 45 a factor of 2063565?
True
Is 14 a factor of 3174043?
False
Is 117 a factor of 1891010?
False
Is 792135 a multiple of 45?
True
Is 307980 a multiple of 15?
True
Does 21 divide 53005?
False
Is 146 a factor of 5524201?
False
Is 12420 a multiple of 90?
True
Does 274 divide 1273319?
False
Is 121428 a multiple of 36?
True
Is 16 a factor of 1032519?
False
Is 156955 a multiple of 13?
False
Does 673 divide 7676771?
False
Is 45 a factor of 524328?
False
Is 6049481 a multiple of 619?
False
Does 311 divide 384769?
False
Does 9 divide 23772749?
False
Does 96 divide 308160?
True
Is 255 a factor of 3101055?
True
Does 39 divide 3565013?
False
Does 126 divide 6364?
False
Is 628240 a multiple of 8?
True
Is 387854 a multiple of 53?
True
Does 11 divide 6240?
False
Is 5 a factor of 907285?
True
Does 14 divide 1863120?
True
Is 6 a factor of 57594?
True
Does 16 divide 124848?
True
Is 2245977 a multiple of 46?
False
Is 60 a factor of 23368?
False
Is 1580352 a multiple of 8?
True
Is 1396872 a multiple of 4?
True
Is 52 a factor of 14064076?
True
Does 119 divide 1182253?
False
Is 48 a factor of 1196640?
True
Is 178888 a multiple of 97?
False
Is 183347 a multiple of 264?
False
Is 47005 a multiple of 553?
True
Is 1318680 a multiple of 270?
True
Is 397946 a multiple of 66?
False
Is 4925 a multiple of 5?
True
Does 101 divide 545843?
False
Does 651 divide 159807?
False
Does 227 divide 942557?
False
Does 49 divide 838344?
False
Is 426185 a multiple of 34?
False
Does 18 divide 4147425?
False
Is 28841 a multiple of 256?
False
Is 28 a factor of 145430?
False
Is 35 a factor of 2974720?
True
Is 552585 a multiple of 55?
True
Is 1124123 a multiple of 77?
True
Does 317 divide 586133?
True
Is 221 a factor of 3491579?
True
Does 37 divide 9952630?
True
Does 54 divide 147377?
False
Is 35 a factor of 58464?
False
Is 14 a factor of 62636?
True
Is 286385 a multiple of 127?
True
Does 9 divide 116280?
True
Is 18 a factor of 37260?
True
Is 51744 a multiple of 264?
True
Is 19 a factor of 165928?
False
Is 405 a factor of 1090773?
False
Is 124 a factor of 4248364?
True
Is 96 a factor of 368832?
True
Is 14293 a multiple of 64?
False
Is 6 a factor of 34380?
True
Is 32835712 a multiple of 15?
False
Is 25 a factor of 14388050?
True
Is 271600 a multiple of 231?
False
Does 62 divide 484925?
False
Is 149 a factor of 11805?
False
Does 132 divide 9923724?
False
Does 53 divide 3218902?
True
Is 61541 a multiple of 8?
False
Does 15 divide 456420?
True
Is 11 a factor of 1325587?
False
Does 6 divide 116232?
True
Does 562 divide 7108219?
False
Is 300366 a multiple of 125?
False
Is 236 a factor of 1006776?
True
Is 8689952 a multiple of 16?
True
Is 100 a factor of 1125087?
False
Is 12 a factor of 3173196?
True
Is 2082440 a multiple of 79?
True
Is 176476 a multiple of 393?
False
Is 13 a factor of 15874?
False
Is 868738 a multiple of 330?
False
Is 533630 a multiple of 365?
True
Does 129 divide 109521?
True
Does 42 divide 3779185?
False
Is 639635 a multiple of 4?
False
Does 1